{"id":38,"date":"2020-03-10T10:07:00","date_gmt":"2020-03-10T09:07:00","guid":{"rendered":"https:\/\/www.kons-spaw.pl\/?page_id=38"},"modified":"2023-08-17T14:07:16","modified_gmt":"2023-08-17T12:07:16","slug":"kontakt","status":"publish","type":"page","link":"https:\/\/www.kons-spaw.pl\/index.php\/kontakt\/","title":{"rendered":"Kontakt"},"content":{"rendered":"\n<p><strong><span style=\"color:#0d04ad\" class=\"has-inline-color\">KONS-SPAW SP. J.<br>T. Kaniewski D. Kudlak<\/span><br><\/strong><span class=\"has-inline-color has-very-dark-gray-color\"><strong>ul. Mieczys\u0142awa Po\u017caryskiego 28 hala 22<\/strong><br><strong>04-703 Warszawa \/ Polska<\/strong><\/span><\/p>\n\n\n\n<p><iframe loading=\"lazy\" src=\"https:\/\/www.google.com\/maps\/embed?pb=!1m14!1m8!1m3!1d4889.991139601079!2d21.173882!3d52.207128!3m2!1i1024!2i768!4f13.1!3m3!1m2!1s0x471ed30757c6f4d7%3A0x708a11c52b855eaf!2sMieczys%C5%82awa%20Po%C5%BCaryskiego%2028%2C%2004-703%20Warszawa!5e0!3m2!1spl!2spl!4v1593418568252!5m2!1spl!2spl\" style=\"border:0;\" allowfullscreen=\"\" aria-hidden=\"false\" tabindex=\"0\" frameborder=\"0\" width=\"800\" height=\"600\"><\/iframe><\/p>\n\n\n<h4>&#8211; dla samochod\u00f3w osobowych i dostawczych do 3,5 tony wjazd od ul. Po\u017caryskiego ( Vis-\u00e0-vis sklepu &#8222;LIDL&#8221; )<br \/>&#8211; dla samochod\u00f3w ci\u0119\u017carowych powy\u017cej 3,5 tony wjazd od ul. \u017bega\u0144skiej&nbsp;<\/h4>\n<h4>&nbsp;<\/h4>\n<h4><span style=\"color: #000000;\"><strong>Zapraszamy do sk\u0142adania zapyta\u0144 ofertowych.<\/strong><\/span><\/h4>\n\n\n<figure class=\"wp-block-table\"><table class=\"has-background has-fixed-layout\" style=\"background-color:#f3f4f5\"><tbody><tr><td>Zapytania ofertowe<br><strong><mark style=\"background-color:rgba(0, 0, 0, 0)\" class=\"has-inline-color has-black-color\">Tadeusz Kaniewski<\/mark><\/strong><br><a href=\"mailto:t.kaniewski@kons-spaw.pl\"><strong><mark style=\"background-color:rgba(0, 0, 0, 0);color:#0d04ad\" class=\"has-inline-color\">t.kaniewski@kons-spaw.pl<\/mark><\/strong><\/a><mark style=\"background-color:rgba(0, 0, 0, 0)\" class=\"has-inline-color has-black-color\"> <\/mark><br><mark style=\"background-color:rgba(0, 0, 0, 0)\" class=\"has-inline-color has-black-color\">tel. kom. 601 271 578<\/mark><br><br>Zapytania ofertowe<br><strong><mark style=\"background-color:rgba(0, 0, 0, 0)\" class=\"has-inline-color has-black-color\">Dariusz Kudlak<\/mark><\/strong><br><a href=\"mailto:d.kudlak@kons-spaw.pl\"><strong><mark style=\"background-color:rgba(0, 0, 0, 0);color:#0d04ad\" class=\"has-inline-color\">d.kudlak@kons-spaw.pl<\/mark><\/strong><\/a><br><mark style=\"background-color:rgba(0, 0, 0, 0)\" class=\"has-inline-color has-black-color\">tel. kom. 601 271 579<\/mark><br><br><mark style=\"background-color:rgba(0, 0, 0, 0)\" class=\"has-inline-color has-black-color\"><strong>S\u0142awomir Lewandowski<\/strong> &#8211; kierownik produkcji<\/mark><br><a href=\"mailto:s.lewandowski@kons-spaw.pl\"><strong><mark style=\"background-color:rgba(0, 0, 0, 0);color:#0d04ad\" class=\"has-inline-color\">s.lewandowski@kons-spaw.pl<\/mark><\/strong><\/a><br><mark style=\"background-color:rgba(0, 0, 0, 0)\" class=\"has-inline-color has-black-color\">tel. kom. 691 864 268<\/mark><\/td><td><\/td><\/tr><\/tbody><\/table><\/figure>\n\n\n<\/p>\n\n\n<p><\/p>\n\n\n\n<p><\/p>\n","protected":false},"excerpt":{"rendered":"<p>KONS-SPAW SP. J.T. Kaniewski D. Kudlakul. Mieczys\u0142awa Po\u017caryskiego 28 hala 2204-703 Warszawa \/ Polska &#8211; dla samochod\u00f3w osobowych i dostawczych do 3,5 tony wjazd od ul. Po\u017caryskiego ( Vis-\u00e0-vis sklepu &#8222;LIDL&#8221; )&#8211; dla samochod\u00f3w ci\u0119\u017carowych powy\u017cej 3,5 tony wjazd od ul. \u017bega\u0144skiej&nbsp; &nbsp; Zapraszamy do sk\u0142adania zapyta\u0144 ofertowych. Zapytania ofertoweTadeusz Kaniewskit.kaniewski@kons-spaw.pl tel. kom. 601 271&hellip; <br \/> <a class=\"read-more\" href=\"https:\/\/www.kons-spaw.pl\/index.php\/kontakt\/\">Dowiedz si\u0119 wi\u0119cej<\/a><\/p>\n","protected":false},"author":1,"featured_media":0,"parent":0,"menu_order":0,"comment_status":"closed","ping_status":"closed","template":"","meta":{"footnotes":""},"class_list":["post-38","page","type-page","status-publish","hentry"],"yoast_head":"<!-- This site is optimized with the Yoast SEO plugin v27.5 - https:\/\/yoast.com\/product\/yoast-seo-wordpress\/ -->\n<title>Kontakt &#8211; KONS-SPAW<\/title>\n<meta name=\"robots\" content=\"index, follow, max-snippet:-1, max-image-preview:large, max-video-preview:-1\" \/>\n<link rel=\"canonical\" href=\"https:\/\/www.kons-spaw.pl\/index.php\/kontakt\/\" \/>\n<meta property=\"og:locale\" content=\"pl_PL\" \/>\n<meta property=\"og:type\" content=\"article\" \/>\n<meta property=\"og:title\" content=\"Kontakt &#8211; KONS-SPAW\" \/>\n<meta property=\"og:description\" content=\"KONS-SPAW SP. J.T. Kaniewski D. Kudlakul. Mieczys\u0142awa Po\u017caryskiego 28 hala 2204-703 Warszawa \/ Polska &#8211; dla samochod\u00f3w osobowych i dostawczych do 3,5 tony wjazd od ul. Po\u017caryskiego ( Vis-\u00e0-vis sklepu &#8222;LIDL&#8221; )&#8211; dla samochod\u00f3w ci\u0119\u017carowych powy\u017cej 3,5 tony wjazd od ul. \u017bega\u0144skiej&nbsp; &nbsp; Zapraszamy do sk\u0142adania zapyta\u0144 ofertowych. Zapytania ofertoweTadeusz Kaniewskit.kaniewski@kons-spaw.pl tel. kom. 601 271&hellip; Dowiedz si\u0119 wi\u0119cej\" \/>\n<meta property=\"og:url\" content=\"https:\/\/www.kons-spaw.pl\/index.php\/kontakt\/\" \/>\n<meta property=\"og:site_name\" content=\"KONS-SPAW\" \/>\n<meta property=\"article:modified_time\" content=\"2023-08-17T12:07:16+00:00\" \/>\n<meta name=\"twitter:card\" content=\"summary_large_image\" \/>\n<meta name=\"twitter:label1\" content=\"Szacowany czas czytania\" \/>\n\t<meta name=\"twitter:data1\" content=\"1 minuta\" \/>\n<script type=\"application\/ld+json\" class=\"yoast-schema-graph\">{\"@context\":\"https:\\\/\\\/schema.org\",\"@graph\":[{\"@type\":\"WebPage\",\"@id\":\"https:\\\/\\\/www.kons-spaw.pl\\\/index.php\\\/kontakt\\\/\",\"url\":\"https:\\\/\\\/www.kons-spaw.pl\\\/index.php\\\/kontakt\\\/\",\"name\":\"Kontakt &#8211; KONS-SPAW\",\"isPartOf\":{\"@id\":\"https:\\\/\\\/www.kons-spaw.pl\\\/#website\"},\"datePublished\":\"2020-03-10T09:07:00+00:00\",\"dateModified\":\"2023-08-17T12:07:16+00:00\",\"breadcrumb\":{\"@id\":\"https:\\\/\\\/www.kons-spaw.pl\\\/index.php\\\/kontakt\\\/#breadcrumb\"},\"inLanguage\":\"pl-PL\",\"potentialAction\":[{\"@type\":\"ReadAction\",\"target\":[\"https:\\\/\\\/www.kons-spaw.pl\\\/index.php\\\/kontakt\\\/\"]}]},{\"@type\":\"BreadcrumbList\",\"@id\":\"https:\\\/\\\/www.kons-spaw.pl\\\/index.php\\\/kontakt\\\/#breadcrumb\",\"itemListElement\":[{\"@type\":\"ListItem\",\"position\":1,\"name\":\"Strona g\u0142\u00f3wna\",\"item\":\"https:\\\/\\\/www.kons-spaw.pl\\\/\"},{\"@type\":\"ListItem\",\"position\":2,\"name\":\"Kontakt\"}]},{\"@type\":\"WebSite\",\"@id\":\"https:\\\/\\\/www.kons-spaw.pl\\\/#website\",\"url\":\"https:\\\/\\\/www.kons-spaw.pl\\\/\",\"name\":\"Drzwi do stacji transformatorowych\",\"description\":\"Drzwi do stacji transformatorowych\",\"publisher\":{\"@id\":\"https:\\\/\\\/www.kons-spaw.pl\\\/#organization\"},\"potentialAction\":[{\"@type\":\"SearchAction\",\"target\":{\"@type\":\"EntryPoint\",\"urlTemplate\":\"https:\\\/\\\/www.kons-spaw.pl\\\/?s={search_term_string}\"},\"query-input\":{\"@type\":\"PropertyValueSpecification\",\"valueRequired\":true,\"valueName\":\"search_term_string\"}}],\"inLanguage\":\"pl-PL\"},{\"@type\":\"Organization\",\"@id\":\"https:\\\/\\\/www.kons-spaw.pl\\\/#organization\",\"name\":\"KONS-SPAW\",\"url\":\"https:\\\/\\\/www.kons-spaw.pl\\\/\",\"logo\":{\"@type\":\"ImageObject\",\"inLanguage\":\"pl-PL\",\"@id\":\"https:\\\/\\\/www.kons-spaw.pl\\\/#\\\/schema\\\/logo\\\/image\\\/\",\"url\":\"https:\\\/\\\/www.kons-spaw.pl\\\/wp-content\\\/uploads\\\/2020\\\/09\\\/znak.jpg\",\"contentUrl\":\"https:\\\/\\\/www.kons-spaw.pl\\\/wp-content\\\/uploads\\\/2020\\\/09\\\/znak.jpg\",\"width\":199,\"height\":84,\"caption\":\"KONS-SPAW\"},\"image\":{\"@id\":\"https:\\\/\\\/www.kons-spaw.pl\\\/#\\\/schema\\\/logo\\\/image\\\/\"}}]}<\/script>\n<!-- \/ Yoast SEO plugin. -->","yoast_head_json":{"title":"Kontakt &#8211; KONS-SPAW","robots":{"index":"index","follow":"follow","max-snippet":"max-snippet:-1","max-image-preview":"max-image-preview:large","max-video-preview":"max-video-preview:-1"},"canonical":"https:\/\/www.kons-spaw.pl\/index.php\/kontakt\/","og_locale":"pl_PL","og_type":"article","og_title":"Kontakt &#8211; KONS-SPAW","og_description":"KONS-SPAW SP. J.T. Kaniewski D. Kudlakul. Mieczys\u0142awa Po\u017caryskiego 28 hala 2204-703 Warszawa \/ Polska &#8211; dla samochod\u00f3w osobowych i dostawczych do 3,5 tony wjazd od ul. Po\u017caryskiego ( Vis-\u00e0-vis sklepu &#8222;LIDL&#8221; )&#8211; dla samochod\u00f3w ci\u0119\u017carowych powy\u017cej 3,5 tony wjazd od ul. \u017bega\u0144skiej&nbsp; &nbsp; Zapraszamy do sk\u0142adania zapyta\u0144 ofertowych. Zapytania ofertoweTadeusz Kaniewskit.kaniewski@kons-spaw.pl tel. kom. 601 271&hellip; Dowiedz si\u0119 wi\u0119cej","og_url":"https:\/\/www.kons-spaw.pl\/index.php\/kontakt\/","og_site_name":"KONS-SPAW","article_modified_time":"2023-08-17T12:07:16+00:00","twitter_card":"summary_large_image","twitter_misc":{"Szacowany czas czytania":"1 minuta"},"schema":{"@context":"https:\/\/schema.org","@graph":[{"@type":"WebPage","@id":"https:\/\/www.kons-spaw.pl\/index.php\/kontakt\/","url":"https:\/\/www.kons-spaw.pl\/index.php\/kontakt\/","name":"Kontakt &#8211; KONS-SPAW","isPartOf":{"@id":"https:\/\/www.kons-spaw.pl\/#website"},"datePublished":"2020-03-10T09:07:00+00:00","dateModified":"2023-08-17T12:07:16+00:00","breadcrumb":{"@id":"https:\/\/www.kons-spaw.pl\/index.php\/kontakt\/#breadcrumb"},"inLanguage":"pl-PL","potentialAction":[{"@type":"ReadAction","target":["https:\/\/www.kons-spaw.pl\/index.php\/kontakt\/"]}]},{"@type":"BreadcrumbList","@id":"https:\/\/www.kons-spaw.pl\/index.php\/kontakt\/#breadcrumb","itemListElement":[{"@type":"ListItem","position":1,"name":"Strona g\u0142\u00f3wna","item":"https:\/\/www.kons-spaw.pl\/"},{"@type":"ListItem","position":2,"name":"Kontakt"}]},{"@type":"WebSite","@id":"https:\/\/www.kons-spaw.pl\/#website","url":"https:\/\/www.kons-spaw.pl\/","name":"Drzwi do stacji transformatorowych","description":"Drzwi do stacji transformatorowych","publisher":{"@id":"https:\/\/www.kons-spaw.pl\/#organization"},"potentialAction":[{"@type":"SearchAction","target":{"@type":"EntryPoint","urlTemplate":"https:\/\/www.kons-spaw.pl\/?s={search_term_string}"},"query-input":{"@type":"PropertyValueSpecification","valueRequired":true,"valueName":"search_term_string"}}],"inLanguage":"pl-PL"},{"@type":"Organization","@id":"https:\/\/www.kons-spaw.pl\/#organization","name":"KONS-SPAW","url":"https:\/\/www.kons-spaw.pl\/","logo":{"@type":"ImageObject","inLanguage":"pl-PL","@id":"https:\/\/www.kons-spaw.pl\/#\/schema\/logo\/image\/","url":"https:\/\/www.kons-spaw.pl\/wp-content\/uploads\/2020\/09\/znak.jpg","contentUrl":"https:\/\/www.kons-spaw.pl\/wp-content\/uploads\/2020\/09\/znak.jpg","width":199,"height":84,"caption":"KONS-SPAW"},"image":{"@id":"https:\/\/www.kons-spaw.pl\/#\/schema\/logo\/image\/"}}]}},"_links":{"self":[{"href":"https:\/\/www.kons-spaw.pl\/index.php\/wp-json\/wp\/v2\/pages\/38","targetHints":{"allow":["GET"]}}],"collection":[{"href":"https:\/\/www.kons-spaw.pl\/index.php\/wp-json\/wp\/v2\/pages"}],"about":[{"href":"https:\/\/www.kons-spaw.pl\/index.php\/wp-json\/wp\/v2\/types\/page"}],"author":[{"embeddable":true,"href":"https:\/\/www.kons-spaw.pl\/index.php\/wp-json\/wp\/v2\/users\/1"}],"replies":[{"embeddable":true,"href":"https:\/\/www.kons-spaw.pl\/index.php\/wp-json\/wp\/v2\/comments?post=38"}],"version-history":[{"count":44,"href":"https:\/\/www.kons-spaw.pl\/index.php\/wp-json\/wp\/v2\/pages\/38\/revisions"}],"predecessor-version":[{"id":569,"href":"https:\/\/www.kons-spaw.pl\/index.php\/wp-json\/wp\/v2\/pages\/38\/revisions\/569"}],"wp:attachment":[{"href":"https:\/\/www.kons-spaw.pl\/index.php\/wp-json\/wp\/v2\/media?parent=38"}],"curies":[{"name":"wp","href":"https:\/\/api.w.org\/{rel}","templated":true}]}}