{"id":6,"date":"2020-01-05T16:32:18","date_gmt":"2020-01-05T15:32:18","guid":{"rendered":"https:\/\/www.kons-spaw.pl\/index.php\/mesmerize\/"},"modified":"2022-02-04T11:43:44","modified_gmt":"2022-02-04T10:43:44","slug":"kons-spaw","status":"publish","type":"page","link":"https:\/\/www.kons-spaw.pl\/","title":{"rendered":"KONS-SPAW"},"content":{"rendered":"<div  class=\"wp-block-group\">\n<div  class=\"wp-block-group__inner-container\">\n<h4 >&nbsp;<\/h4>\n<h3  style=\"text-align: center;\"><span  style=\"color: #000000;\"><strong ><span  style=\"font-size: large;\">Kons-Spaw jest jedn\u0105 z najwi\u0119kszych polskich firm produkuj\u0105cych&nbsp;<a style=\"color: #000000;\" href=\"https:\/\/www.kons-spaw.pl\/index.php\/oferta-2\" target=\"_blank\" rel=\"noopener noreferrer\">drzwi do <\/a><\/span><a  style=\"color: #000000;\" href=\"https:\/\/www.kons-spaw.pl\/_wp_link_placeholder\"><span  style=\"font-size: large;\">stacji transformatorowych<\/span><\/a><span  style=\"font-size: large;\">,<\/span><span  style=\"font-size: large;\"> obecn\u0105 na rynku od przesz\u0142o trzydziestu<\/span><span  style=\"font-size: large;\"> lat.<\/span><\/strong><\/span><\/h3>\n<h4  style=\"text-align: center;\"><span  style=\"color: #000000;\"><strong ><span  style=\"font-size: large;\">Specjalistyczny park maszynowy, na kt\u00f3ry sk\u0142adaj\u0105 si\u0119 wykrawarki numeryczne,<\/span><span  style=\"font-size: large;\"> numeryczne prasy kraw\u0119dziowe oraz gilotyny,<br >pi\u0142y i gi\u0119tarki do rur i profili sterowane elektronicznie pozwalaj\u0105 firmie swobodnie kszta\u0142towa\u0107 i obrabia\u0107 materia\u0142.<\/span><\/strong><\/span><\/h4>\n<h4  style=\"text-align: center;\"><span  style=\"color: #000000;\"><strong ><span  style=\"font-size: large;\">W po\u0142\u0105czeniu z nowoczesnym,<br >kompletnie wyposa\u017conym warsztatem \u015blusarskim oraz specjalistyczn\u0105 kadr\u0105 firma jest w stanie wykona\u0107 zlecenia o wysokim stopniu skomplikowania.<\/span><\/strong><\/span><\/h4>\n<\/div>\n<\/div><figure  class=\"wp-block-table is-style-regular\">\n<table  class=\"has-fixed-layout\">\n<tbody >\n<tr >\n<td  class=\"has-text-align-center\" data-align=\"center\"><span  style=\"color: #000000;\"><img loading=\"lazy\" decoding=\"async\"  class=\"wp-image-355\" style=\"width: 150px;\" src=\"https:\/\/www.kons-spaw.pl\/wp-content\/uploads\/2020\/09\/1197.jpg\" sizes=\"auto, (max-width: 563px) 100vw, 563px\" srcset=\"https:\/\/www.kons-spaw.pl\/wp-content\/uploads\/2020\/09\/1197.jpg 563w, https:\/\/www.kons-spaw.pl\/wp-content\/uploads\/2020\/09\/1197-225x300.jpg 225w\" alt=\"Czerpnia powietrza\" width=\"563\" height=\"750\"><\/span><\/td>\n<td  class=\"has-text-align-center\" data-align=\"center\"><span  style=\"color: #000000;\"><img decoding=\"async\" loading=\"lazy\"  class=\"wp-image-345\" style=\"width: 150px;\" src=\"https:\/\/www.kons-spaw.pl\/wp-content\/uploads\/2020\/09\/2010039.jpg\" sizes=\"auto, (max-width: 851px) 100vw, 851px\" srcset=\"https:\/\/www.kons-spaw.pl\/wp-content\/uploads\/2020\/09\/2010039.jpg 851w, https:\/\/www.kons-spaw.pl\/wp-content\/uploads\/2020\/09\/2010039-222x300.jpg 222w, https:\/\/www.kons-spaw.pl\/wp-content\/uploads\/2020\/09\/2010039-758x1024.jpg 758w, https:\/\/www.kons-spaw.pl\/wp-content\/uploads\/2020\/09\/2010039-768x1038.jpg 768w, https:\/\/www.kons-spaw.pl\/wp-content\/uploads\/2020\/09\/2010039-799x1080.jpg 799w\" alt=\"Drzwi do stacji trafo\" width=\"851\" height=\"1150\"><\/span><\/td>\n<td  class=\"has-text-align-center\" data-align=\"center\"><span  style=\"color: #000000;\"><img decoding=\"async\" loading=\"lazy\"  class=\"wp-image-344\" style=\"width: 150px;\" src=\"https:\/\/www.kons-spaw.pl\/wp-content\/uploads\/2020\/09\/12219.jpg\" sizes=\"auto, (max-width: 563px) 100vw, 563px\" srcset=\"https:\/\/www.kons-spaw.pl\/wp-content\/uploads\/2020\/09\/12219.jpg 563w, https:\/\/www.kons-spaw.pl\/wp-content\/uploads\/2020\/09\/12219-225x300.jpg 225w\" alt=\"Drzwi do stacji trafo\" width=\"563\" height=\"750\"><\/span><\/td>\n<\/tr>\n<\/tbody>\n<\/table>\n<\/figure><h4  style=\"text-align: center;\"><span  style=\"color: #000000;\"><strong >Firma Kons-Spaw specjalizuje si\u0119 w produkcji &nbsp;<a  style=\"color: #000000;\" href=\"https:\/\/www.kons-spaw.pl\/index.php\/zaluzje\">krat wentylacyjnych oraz drzwi do stacji transformatorowych<\/a>, na kt\u00f3re to posiada aprobaty techniczne, certyfikaty oraz \u015bwiadectwa zgodno\u015bci.<\/strong><\/span><\/h4><h4  style=\"text-align: center;\"><span  style=\"color: #000000;\"><strong >Du\u017ca r\u00f3\u017cnorodno\u015b\u0107, bogata kolorystyka, dowolne wymiary \u2013 to wszystko sprawia, \u017ce nasze drzwi mo\u017cna dopasowa\u0107 do ka\u017cdego otoczenia. Nieustannie wzbogacamy i modyfikujemy nasz\u0105 ofert\u0119 zgodnie z aktualnymi trendami. W oparciu o sugestie i opinie klient\u00f3w staramy si\u0119 dostosowa\u0107 standard naszych produkt\u00f3w do stale rosn\u0105cych wymaga\u0144.&nbsp;<\/strong><\/span><br ><span  style=\"color: #000000;\"><strong >Zapraszamy do zapoznania si\u0119 z nasz\u0105 <a style=\"color: #000000;\" href=\"https:\/\/www.kons-spaw.pl\/index.php\/oferta-2\" target=\"_blank\" rel=\"noopener noreferrer\">ofert\u0105<\/a>. Produkujemy, tak\u017ce detale na indywidualne zam\u00f3wienie klienta.<\/strong><\/span><\/h4><p ><\/p>","protected":false},"excerpt":{"rendered":"<p>&nbsp; Kons-Spaw jest jedn\u0105 z najwi\u0119kszych polskich firm produkuj\u0105cych&nbsp;drzwi do stacji transformatorowych, obecn\u0105 na rynku od przesz\u0142o trzydziestu lat. Specjalistyczny park maszynowy, na kt\u00f3ry sk\u0142adaj\u0105 si\u0119 wykrawarki numeryczne, numeryczne prasy kraw\u0119dziowe oraz gilotyny,pi\u0142y i gi\u0119tarki do rur i profili sterowane elektronicznie pozwalaj\u0105 firmie swobodnie kszta\u0142towa\u0107 i obrabia\u0107 materia\u0142. W po\u0142\u0105czeniu z nowoczesnym,kompletnie wyposa\u017conym warsztatem \u015blusarskim&hellip; <br \/> <a class=\"read-more\" href=\"https:\/\/www.kons-spaw.pl\/\">Dowiedz si\u0119 wi\u0119cej<\/a><\/p>\n","protected":false},"author":1,"featured_media":0,"parent":0,"menu_order":0,"comment_status":"closed","ping_status":"closed","template":"","meta":{"footnotes":""},"class_list":["post-6","page","type-page","status-publish","hentry"],"yoast_head":"<!-- This site is optimized with the Yoast SEO plugin v27.5 - https:\/\/yoast.com\/product\/yoast-seo-wordpress\/ -->\n<title>Drzwi do stacji transformatorowych - KONS-SPAW<\/title>\n<meta name=\"description\" content=\"Kons-Spaw jest jedn\u0105 z najwi\u0119kszych polskich firm produkuj\u0105cych drzwi do stacji transformatorowych oraz kraty wentylacyjne\" \/>\n<meta name=\"robots\" content=\"index, follow, max-snippet:-1, max-image-preview:large, max-video-preview:-1\" \/>\n<link rel=\"canonical\" href=\"https:\/\/www.kons-spaw.pl\/\" \/>\n<meta property=\"og:locale\" content=\"pl_PL\" \/>\n<meta property=\"og:type\" content=\"article\" \/>\n<meta property=\"og:title\" content=\"Drzwi do stacji transformatorowych - KONS-SPAW\" \/>\n<meta property=\"og:description\" content=\"Kons-Spaw jest jedn\u0105 z najwi\u0119kszych polskich firm produkuj\u0105cych drzwi do stacji transformatorowych oraz kraty wentylacyjne\" \/>\n<meta property=\"og:url\" content=\"https:\/\/www.kons-spaw.pl\/\" \/>\n<meta property=\"og:site_name\" content=\"KONS-SPAW\" \/>\n<meta property=\"article:modified_time\" content=\"2022-02-04T10:43:44+00:00\" \/>\n<meta property=\"og:image\" content=\"https:\/\/www.kons-spaw.pl\/wp-content\/uploads\/2020\/09\/1197.jpg\" \/>\n<meta name=\"twitter:card\" content=\"summary_large_image\" \/>\n<meta name=\"twitter:label1\" content=\"Szacowany czas czytania\" \/>\n\t<meta name=\"twitter:data1\" content=\"2 minuty\" \/>\n<script type=\"application\/ld+json\" class=\"yoast-schema-graph\">{\"@context\":\"https:\\\/\\\/schema.org\",\"@graph\":[{\"@type\":\"WebPage\",\"@id\":\"https:\\\/\\\/www.kons-spaw.pl\\\/\",\"url\":\"https:\\\/\\\/www.kons-spaw.pl\\\/\",\"name\":\"Drzwi do stacji transformatorowych - KONS-SPAW\",\"isPartOf\":{\"@id\":\"https:\\\/\\\/www.kons-spaw.pl\\\/#website\"},\"primaryImageOfPage\":{\"@id\":\"https:\\\/\\\/www.kons-spaw.pl\\\/#primaryimage\"},\"image\":{\"@id\":\"https:\\\/\\\/www.kons-spaw.pl\\\/#primaryimage\"},\"thumbnailUrl\":\"https:\\\/\\\/www.kons-spaw.pl\\\/wp-content\\\/uploads\\\/2020\\\/09\\\/1197.jpg\",\"datePublished\":\"2020-01-05T15:32:18+00:00\",\"dateModified\":\"2022-02-04T10:43:44+00:00\",\"description\":\"Kons-Spaw jest jedn\u0105 z najwi\u0119kszych polskich firm produkuj\u0105cych drzwi do stacji transformatorowych oraz kraty wentylacyjne\",\"breadcrumb\":{\"@id\":\"https:\\\/\\\/www.kons-spaw.pl\\\/#breadcrumb\"},\"inLanguage\":\"pl-PL\",\"potentialAction\":[{\"@type\":\"ReadAction\",\"target\":[\"https:\\\/\\\/www.kons-spaw.pl\\\/\"]}]},{\"@type\":\"ImageObject\",\"inLanguage\":\"pl-PL\",\"@id\":\"https:\\\/\\\/www.kons-spaw.pl\\\/#primaryimage\",\"url\":\"https:\\\/\\\/www.kons-spaw.pl\\\/wp-content\\\/uploads\\\/2020\\\/09\\\/1197.jpg\",\"contentUrl\":\"https:\\\/\\\/www.kons-spaw.pl\\\/wp-content\\\/uploads\\\/2020\\\/09\\\/1197.jpg\",\"width\":563,\"height\":750,\"caption\":\"Czerpnia powietrza\"},{\"@type\":\"BreadcrumbList\",\"@id\":\"https:\\\/\\\/www.kons-spaw.pl\\\/#breadcrumb\",\"itemListElement\":[{\"@type\":\"ListItem\",\"position\":1,\"name\":\"Strona g\u0142\u00f3wna\",\"item\":\"https:\\\/\\\/www.kons-spaw.pl\\\/\"},{\"@type\":\"ListItem\",\"position\":2,\"name\":\"KONS-SPAW\"}]},{\"@type\":\"WebSite\",\"@id\":\"https:\\\/\\\/www.kons-spaw.pl\\\/#website\",\"url\":\"https:\\\/\\\/www.kons-spaw.pl\\\/\",\"name\":\"Drzwi do stacji transformatorowych\",\"description\":\"Drzwi do stacji transformatorowych\",\"publisher\":{\"@id\":\"https:\\\/\\\/www.kons-spaw.pl\\\/#organization\"},\"potentialAction\":[{\"@type\":\"SearchAction\",\"target\":{\"@type\":\"EntryPoint\",\"urlTemplate\":\"https:\\\/\\\/www.kons-spaw.pl\\\/?s={search_term_string}\"},\"query-input\":{\"@type\":\"PropertyValueSpecification\",\"valueRequired\":true,\"valueName\":\"search_term_string\"}}],\"inLanguage\":\"pl-PL\"},{\"@type\":\"Organization\",\"@id\":\"https:\\\/\\\/www.kons-spaw.pl\\\/#organization\",\"name\":\"KONS-SPAW\",\"url\":\"https:\\\/\\\/www.kons-spaw.pl\\\/\",\"logo\":{\"@type\":\"ImageObject\",\"inLanguage\":\"pl-PL\",\"@id\":\"https:\\\/\\\/www.kons-spaw.pl\\\/#\\\/schema\\\/logo\\\/image\\\/\",\"url\":\"https:\\\/\\\/www.kons-spaw.pl\\\/wp-content\\\/uploads\\\/2020\\\/09\\\/znak.jpg\",\"contentUrl\":\"https:\\\/\\\/www.kons-spaw.pl\\\/wp-content\\\/uploads\\\/2020\\\/09\\\/znak.jpg\",\"width\":199,\"height\":84,\"caption\":\"KONS-SPAW\"},\"image\":{\"@id\":\"https:\\\/\\\/www.kons-spaw.pl\\\/#\\\/schema\\\/logo\\\/image\\\/\"}}]}<\/script>\n<!-- \/ Yoast SEO plugin. -->","yoast_head_json":{"title":"Drzwi do stacji transformatorowych - KONS-SPAW","description":"Kons-Spaw jest jedn\u0105 z najwi\u0119kszych polskich firm produkuj\u0105cych drzwi do stacji transformatorowych oraz kraty wentylacyjne","robots":{"index":"index","follow":"follow","max-snippet":"max-snippet:-1","max-image-preview":"max-image-preview:large","max-video-preview":"max-video-preview:-1"},"canonical":"https:\/\/www.kons-spaw.pl\/","og_locale":"pl_PL","og_type":"article","og_title":"Drzwi do stacji transformatorowych - KONS-SPAW","og_description":"Kons-Spaw jest jedn\u0105 z najwi\u0119kszych polskich firm produkuj\u0105cych drzwi do stacji transformatorowych oraz kraty wentylacyjne","og_url":"https:\/\/www.kons-spaw.pl\/","og_site_name":"KONS-SPAW","article_modified_time":"2022-02-04T10:43:44+00:00","og_image":[{"url":"https:\/\/www.kons-spaw.pl\/wp-content\/uploads\/2020\/09\/1197.jpg","type":"","width":"","height":""}],"twitter_card":"summary_large_image","twitter_misc":{"Szacowany czas czytania":"2 minuty"},"schema":{"@context":"https:\/\/schema.org","@graph":[{"@type":"WebPage","@id":"https:\/\/www.kons-spaw.pl\/","url":"https:\/\/www.kons-spaw.pl\/","name":"Drzwi do stacji transformatorowych - KONS-SPAW","isPartOf":{"@id":"https:\/\/www.kons-spaw.pl\/#website"},"primaryImageOfPage":{"@id":"https:\/\/www.kons-spaw.pl\/#primaryimage"},"image":{"@id":"https:\/\/www.kons-spaw.pl\/#primaryimage"},"thumbnailUrl":"https:\/\/www.kons-spaw.pl\/wp-content\/uploads\/2020\/09\/1197.jpg","datePublished":"2020-01-05T15:32:18+00:00","dateModified":"2022-02-04T10:43:44+00:00","description":"Kons-Spaw jest jedn\u0105 z najwi\u0119kszych polskich firm produkuj\u0105cych drzwi do stacji transformatorowych oraz kraty wentylacyjne","breadcrumb":{"@id":"https:\/\/www.kons-spaw.pl\/#breadcrumb"},"inLanguage":"pl-PL","potentialAction":[{"@type":"ReadAction","target":["https:\/\/www.kons-spaw.pl\/"]}]},{"@type":"ImageObject","inLanguage":"pl-PL","@id":"https:\/\/www.kons-spaw.pl\/#primaryimage","url":"https:\/\/www.kons-spaw.pl\/wp-content\/uploads\/2020\/09\/1197.jpg","contentUrl":"https:\/\/www.kons-spaw.pl\/wp-content\/uploads\/2020\/09\/1197.jpg","width":563,"height":750,"caption":"Czerpnia powietrza"},{"@type":"BreadcrumbList","@id":"https:\/\/www.kons-spaw.pl\/#breadcrumb","itemListElement":[{"@type":"ListItem","position":1,"name":"Strona g\u0142\u00f3wna","item":"https:\/\/www.kons-spaw.pl\/"},{"@type":"ListItem","position":2,"name":"KONS-SPAW"}]},{"@type":"WebSite","@id":"https:\/\/www.kons-spaw.pl\/#website","url":"https:\/\/www.kons-spaw.pl\/","name":"Drzwi do stacji transformatorowych","description":"Drzwi do stacji transformatorowych","publisher":{"@id":"https:\/\/www.kons-spaw.pl\/#organization"},"potentialAction":[{"@type":"SearchAction","target":{"@type":"EntryPoint","urlTemplate":"https:\/\/www.kons-spaw.pl\/?s={search_term_string}"},"query-input":{"@type":"PropertyValueSpecification","valueRequired":true,"valueName":"search_term_string"}}],"inLanguage":"pl-PL"},{"@type":"Organization","@id":"https:\/\/www.kons-spaw.pl\/#organization","name":"KONS-SPAW","url":"https:\/\/www.kons-spaw.pl\/","logo":{"@type":"ImageObject","inLanguage":"pl-PL","@id":"https:\/\/www.kons-spaw.pl\/#\/schema\/logo\/image\/","url":"https:\/\/www.kons-spaw.pl\/wp-content\/uploads\/2020\/09\/znak.jpg","contentUrl":"https:\/\/www.kons-spaw.pl\/wp-content\/uploads\/2020\/09\/znak.jpg","width":199,"height":84,"caption":"KONS-SPAW"},"image":{"@id":"https:\/\/www.kons-spaw.pl\/#\/schema\/logo\/image\/"}}]}},"_links":{"self":[{"href":"https:\/\/www.kons-spaw.pl\/index.php\/wp-json\/wp\/v2\/pages\/6","targetHints":{"allow":["GET"]}}],"collection":[{"href":"https:\/\/www.kons-spaw.pl\/index.php\/wp-json\/wp\/v2\/pages"}],"about":[{"href":"https:\/\/www.kons-spaw.pl\/index.php\/wp-json\/wp\/v2\/types\/page"}],"author":[{"embeddable":true,"href":"https:\/\/www.kons-spaw.pl\/index.php\/wp-json\/wp\/v2\/users\/1"}],"replies":[{"embeddable":true,"href":"https:\/\/www.kons-spaw.pl\/index.php\/wp-json\/wp\/v2\/comments?post=6"}],"version-history":[{"count":68,"href":"https:\/\/www.kons-spaw.pl\/index.php\/wp-json\/wp\/v2\/pages\/6\/revisions"}],"predecessor-version":[{"id":560,"href":"https:\/\/www.kons-spaw.pl\/index.php\/wp-json\/wp\/v2\/pages\/6\/revisions\/560"}],"wp:attachment":[{"href":"https:\/\/www.kons-spaw.pl\/index.php\/wp-json\/wp\/v2\/media?parent=6"}],"curies":[{"name":"wp","href":"https:\/\/api.w.org\/{rel}","templated":true}]}}